[INFO] fetching crate rem-controller 0.1.1...
[INFO] checking rem-controller-0.1.1 against master#e6e4f7ed1589e03bc2f6c5931c1a72e7947e8682 for beta-170-4
[INFO] extracting crate rem-controller 0.1.1 into /workspace/builds/worker-0-tc2/source
[INFO] validating manifest of crates.io crate rem-controller 0.1.1 on toolchain e6e4f7ed1589e03bc2f6c5931c1a72e7947e8682
[INFO] running `Command { std: CARGO_HOME="/workspace/cargo-home" RUSTUP_HOME="/workspace/rustup-home" "/workspace/cargo-home/bin/cargo" "+e6e4f7ed1589e03bc2f6c5931c1a72e7947e8682" "metadata" "--manifest-path" "Cargo.toml" "--no-deps", kill_on_drop: false }`
[INFO] started tweaking crates.io crate rem-controller 0.1.1
[INFO] finished tweaking crates.io crate rem-controller 0.1.1
[INFO] tweaked toml for crates.io crate rem-controller 0.1.1 written to /workspace/builds/worker-0-tc2/source/Cargo.toml
[INFO] crate crates.io crate rem-controller 0.1.1 already has a lockfile, it will not be regenerated
[INFO] running `Command { std: CARGO_HOME="/workspace/cargo-home" RUSTUP_HOME="/workspace/rustup-home" "/workspace/cargo-home/bin/cargo" "+e6e4f7ed1589e03bc2f6c5931c1a72e7947e8682" "fetch" "--manifest-path" "Cargo.toml", kill_on_drop: false }`
[INFO] running `Command { std: "docker" "create" "-v" "/var/lib/crater-agent-workspace/builds/worker-0-tc2/target:/opt/rustwide/target:rw,Z" "-v" "/var/lib/crater-agent-workspace/builds/worker-0-tc2/source:/opt/rustwide/workdir:ro,Z" "-v" "/var/lib/crater-agent-workspace/cargo-home:/opt/rustwide/cargo-home:ro,Z" "-v" "/var/lib/crater-agent-workspace/rustup-home:/opt/rustwide/rustup-home:ro,Z" "-e" "SOURCE_DIR=/opt/rustwide/workdir" "-e" "CARGO_TARGET_DIR=/opt/rustwide/target" "-e" "CARGO_HOME=/opt/rustwide/cargo-home" "-e" "RUSTUP_HOME=/opt/rustwide/rustup-home" "-w" "/opt/rustwide/workdir" "-m" "1610612736" "--user" "0:0" "--network" "none" "ghcr.io/rust-lang/crates-build-env/linux@sha256:19e73879b68f455e41552ea35293514db52ea292d993f571636dbffedb77a1ee" "/opt/rustwide/cargo-home/bin/cargo" "+e6e4f7ed1589e03bc2f6c5931c1a72e7947e8682" "metadata" "--no-deps" "--format-version=1", kill_on_drop: false }`
[INFO] [stdout] 5c8f84ffdeae203a3c1895f48060eb642bf18eadc9de3470c99126fd53c46764
[INFO] running `Command { std: "docker" "start" "-a" "5c8f84ffdeae203a3c1895f48060eb642bf18eadc9de3470c99126fd53c46764", kill_on_drop: false }`
[INFO] running `Command { std: "docker" "inspect" "5c8f84ffdeae203a3c1895f48060eb642bf18eadc9de3470c99126fd53c46764", kill_on_drop: false }`
[INFO] running `Command { std: "docker" "rm" "-f" "5c8f84ffdeae203a3c1895f48060eb642bf18eadc9de3470c99126fd53c46764", kill_on_drop: false }`
[INFO] [stdout] 5c8f84ffdeae203a3c1895f48060eb642bf18eadc9de3470c99126fd53c46764
[INFO] running `Command { std: "docker" "create" "-v" "/var/lib/crater-agent-workspace/builds/worker-0-tc2/target:/opt/rustwide/target:rw,Z" "-v" "/var/lib/crater-agent-workspace/builds/worker-0-tc2/source:/opt/rustwide/workdir:ro,Z" "-v" "/var/lib/crater-agent-workspace/cargo-home:/opt/rustwide/cargo-home:ro,Z" "-v" "/var/lib/crater-agent-workspace/rustup-home:/opt/rustwide/rustup-home:ro,Z" "-e" "SOURCE_DIR=/opt/rustwide/workdir" "-e" "CARGO_TARGET_DIR=/opt/rustwide/target" "-e" "CARGO_INCREMENTAL=0" "-e" "RUST_BACKTRACE=full" "-e" "RUSTFLAGS=--cap-lints=forbid" "-e" "RUSTDOCFLAGS=--cap-lints=forbid" "-e" "CARGO_HOME=/opt/rustwide/cargo-home" "-e" "RUSTUP_HOME=/opt/rustwide/rustup-home" "-w" "/opt/rustwide/workdir" "-m" "1610612736" "--user" "0:0" "--network" "none" "ghcr.io/rust-lang/crates-build-env/linux@sha256:19e73879b68f455e41552ea35293514db52ea292d993f571636dbffedb77a1ee" "/opt/rustwide/cargo-home/bin/cargo" "+e6e4f7ed1589e03bc2f6c5931c1a72e7947e8682" "check" "--frozen" "--all" "--all-targets" "--message-format=json", kill_on_drop: false }`
[INFO] [stdout] 45aab6562d2774f65ad63f8d2ae0f353ae64f3bc7a4bfb716cd7d9a7f8c42ad7
[INFO] running `Command { std: "docker" "start" "-a" "45aab6562d2774f65ad63f8d2ae0f353ae64f3bc7a4bfb716cd7d9a7f8c42ad7", kill_on_drop: false }`
[INFO] [stderr]     Blocking waiting for file lock on package cache
[INFO] [stderr]    Compiling libc v0.2.139
[INFO] [stderr]    Compiling proc-macro2 v1.0.56
[INFO] [stderr]    Compiling io-lifetimes v1.0.4
[INFO] [stderr]    Compiling rustix v0.37.3
[INFO] [stderr]    Compiling quote v1.0.26
[INFO] [stderr]     Checking linux-raw-sys v0.3.1
[INFO] [stderr]    Compiling unicode-ident v1.0.6
[INFO] [stderr]    Compiling serde v1.0.152
[INFO] [stderr]     Checking anstyle-parse v0.1.1
[INFO] [stderr]     Checking concolor-query v0.3.3
[INFO] [stderr]     Checking anstyle v0.3.5
[INFO] [stderr]     Checking once_cell v1.17.0
[INFO] [stderr]     Checking concolor-override v1.0.0
[INFO] [stderr]     Checking siphasher v0.3.10
[INFO] [stderr]    Compiling syn v1.0.107
[INFO] [stderr]     Checking phf_shared v0.10.0
[INFO] [stderr]    Compiling heck v0.4.0
[INFO] [stderr]     Checking regex-syntax v0.6.28
[INFO] [stderr]     Checking new_debug_unreachable v1.0.4
[INFO] [stderr]     Checking clap_lex v0.4.1
[INFO] [stderr]     Checking precomputed-hash v0.1.1
[INFO] [stderr]     Checking ena v0.14.0
[INFO] [stderr]     Checking unicode-segmentation v1.10.0
[INFO] [stderr]    Compiling syn v2.0.13
[INFO] [stderr]     Checking convert_case v0.6.0
[INFO] [stderr]     Checking regex v1.7.1
[INFO] [stderr]     Checking parking_lot_core v0.9.7
[INFO] [stderr]     Checking atty v0.2.14
[INFO] [stderr]     Checking colored v2.0.0
[INFO] [stderr]     Checking parking_lot v0.12.1
[INFO] [stderr]     Checking is-terminal v0.4.6
[INFO] [stderr]     Checking anstream v0.2.6
[INFO] [stderr]     Checking env_logger v0.10.0
[INFO] [stderr]     Checking clap_builder v4.2.1
[INFO] [stderr]     Checking string_cache v0.8.4
[INFO] [stderr]    Compiling clap_derive v4.2.0
[INFO] [stderr]     Checking rem-utils v0.1.0
[INFO] [stdout] error[E0557]: feature has been removed
[INFO] [stdout]  --> /opt/rustwide/cargo-home/registry/src/index.crates.io-6f17d22bba15001f/rem-utils-0.1.0/src/lib.rs:7:12
[INFO] [stdout]   |
[INFO] [stdout] 7 | #![feature(box_syntax)]
[INFO] [stdout]   |            ^^^^^^^^^^ feature has been removed
[INFO] [stdout]   |
[INFO] [stdout]   = note: replaced with `#[rustc_box]`
[INFO] [stdout] 
[INFO] [stdout] 
[INFO] [stdout] error[E0463]: can't find crate for `rustc_driver`
[INFO] [stdout]  --> /opt/rustwide/cargo-home/registry/src/index.crates.io-6f17d22bba15001f/rem-utils-0.1.0/src/lib.rs:9:1
[INFO] [stdout]   |
[INFO] [stdout] 9 | extern crate rustc_driver;
[INFO] [stdout]   | ^^^^^^^^^^^^^^^^^^^^^^^^^^ can't find crate
[INFO] [stdout]   |
[INFO] [stdout]   = help: maybe you need to install the missing components with: `rustup component add rust-src rustc-dev llvm-tools-preview`
[INFO] [stdout] 
[INFO] [stdout] 
[INFO] [stdout] error[E0463]: can't find crate for `rustc_lint`
[INFO] [stdout]   --> /opt/rustwide/cargo-home/registry/src/index.crates.io-6f17d22bba15001f/rem-utils-0.1.0/src/lib.rs:10:1
[INFO] [stdout]    |
[INFO] [stdout] 10 | pub extern crate rustc_lint;
[INFO] [stdout]    | ^^^^^^^^^^^^^^^^^^^^^^^^^^^^ can't find crate
[INFO] [stdout]    |
[INFO] [stdout]    = help: maybe you need to install the missing components with: `rustup component add rust-src rustc-dev llvm-tools-preview`
[INFO] [stdout] 
[INFO] [stdout] 
[INFO] [stdout] error[E0463]: can't find crate for `rustc_span`
[INFO] [stdout]   --> /opt/rustwide/cargo-home/registry/src/index.crates.io-6f17d22bba15001f/rem-utils-0.1.0/src/lib.rs:11:1
[INFO] [stdout]    |
[INFO] [stdout] 11 | pub extern crate rustc_span;
[INFO] [stdout]    | ^^^^^^^^^^^^^^^^^^^^^^^^^^^^ can't find crate
[INFO] [stdout]    |
[INFO] [stdout]    = help: maybe you need to install the missing components with: `rustup component add rust-src rustc-dev llvm-tools-preview`
[INFO] [stdout] 
[INFO] [stdout] 
[INFO] [stdout] error: `box_syntax` has been removed
[INFO] [stdout]    --> /opt/rustwide/cargo-home/registry/src/index.crates.io-6f17d22bba15001f/rem-utils-0.1.0/src/wrappers.rs:184:23
[INFO] [stdout]     |
[INFO] [stdout] 184 |                   func: box syn::Expr::Path(CHRusty_build!(syn::ExprPath{
[INFO] [stdout]     |  _______________________^
[INFO] [stdout] 185 | |                     path: syn::Path {
[INFO] [stdout] 186 | |                         leading_colon: None,
[INFO] [stdout] 187 | |                         segments: [
[INFO] [stdout] ...   |
[INFO] [stdout] 192 | |                     default![attrs, qself]
[INFO] [stdout] 193 | |                 })),
[INFO] [stdout]     | |___________________^
[INFO] [stdout]     |
[INFO] [stdout] help: use `Box::new()` instead
[INFO] [stdout]     |
[INFO] [stdout] 184 ~                 func: Box::new(syn::Expr::Path(CHRusty_build!(syn::ExprPath{
[INFO] [stdout] 185 +                     path: syn::Path {
[INFO] [stdout] 186 +                         leading_colon: None,
[INFO] [stdout] 187 +                         segments: [
[INFO] [stdout] 188 +                             CHRusty_parse!("chrusty" as syn::PathSegment),
[INFO] [stdout] 189 +                             last_segment
[INFO] [stdout] 190 +                         ].into_iter().collect()
[INFO] [stdout] 191 +                     };
[INFO] [stdout] 192 +                     default![attrs, qself]
[INFO] [stdout] 193 ~                 }))),
[INFO] [stdout]     |
[INFO] [stdout] 
[INFO] [stdout] 
[INFO] [stdout] error: aborting due to 5 previous errors
[INFO] [stdout] 
[INFO] [stdout] 
[INFO] [stdout] Some errors have detailed explanations: E0463, E0557.
[INFO] [stdout] 
[INFO] [stdout] For more information about an error, try `rustc --explain E0463`.
[INFO] [stdout] 
[INFO] [stderr] error: could not compile `rem-utils` (lib) due to 6 previous errors
[INFO] [stderr] warning: build failed, waiting for other jobs to finish...
[INFO] running `Command { std: "docker" "inspect" "45aab6562d2774f65ad63f8d2ae0f353ae64f3bc7a4bfb716cd7d9a7f8c42ad7", kill_on_drop: false }`
[INFO] running `Command { std: "docker" "rm" "-f" "45aab6562d2774f65ad63f8d2ae0f353ae64f3bc7a4bfb716cd7d9a7f8c42ad7", kill_on_drop: false }`
[INFO] [stdout] 45aab6562d2774f65ad63f8d2ae0f353ae64f3bc7a4bfb716cd7d9a7f8c42ad7
